{"id":1184,"date":"2010-10-31T15:52:29","date_gmt":"2010-10-31T14:52:29","guid":{"rendered":"http:\/\/www.ooe-theaterverband.com\/?page_id=1184"},"modified":"2026-01-27T12:05:31","modified_gmt":"2026-01-27T11:05:31","slug":"touch-down","status":"publish","type":"page","link":"https:\/\/www.amateurtheater-ooe.at\/?page_id=1184","title":{"rendered":"Improtheater Amateurgruppen in Ober\u00f6sterreich"},"content":{"rendered":"<h3>Improtheater Amateurgruppen in Ober\u00f6sterreich<\/h3>\n<p>Es gibt einige Amateurtheatergruppen in O\u00d6 die Improvisationstheater machen.<\/p>\n<p>zb<br \/>\nN2O aus Attnang-Puchheim<br \/>\nHumorvorsorge aus Linz<br \/>\nChili aus Linz<br \/>\nGaudiatoren aus Linz<br \/>\nJacky und die Improbande aus Linz<br \/>\nDreizack aus Linz<br \/>\nTranspiranten aus Linz<br \/>\nSpontanwerkstatt aus Linz<br \/>\nStegreif aus Steyr<\/p>\n<p><span class=\"inlineCardView-content-wrap inlineNodeView\" data-prosemirror-content-type=\"node\" data-prosemirror-node-name=\"inlineCard\" data-prosemirror-node-inline=\"true\"><span class=\"card\">www.improtermine.at ist gemeinsame Terminplattform.<\/span><\/span><\/p>\n<p>Seit 2023 gibt es das Impro Festival Linz j\u00e4hrlich im April, f\u00fcr Mitglieder der Gruppen in Ober\u00f6sterreich.<br \/>\nVeranstaltet wird es von Improtheatergruppe\u00a0 Humorvorsorge finanziell unterst\u00fctzt durch den Amateurtheater Verband O\u00d6.<br \/>\n<a href=\"https:\/\/www.humorvorsorge.at\/festival\/index.html\">https:\/\/www.humorvorsorge.at\/festival\/index.html<\/a><\/p>\n<p>&nbsp;<\/p>\n<p>&nbsp;<\/p>\n<h3>Impro Amateurtheater Landesmeisterschaft O\u00d6 2020<\/h3>\n<p>&nbsp;<\/p>\n<p><a href=\"https:\/\/www.facebook.com\/improlandesmeisterschaft\">https:\/\/www.facebook.com\/improlandesmeisterschaft<\/a><\/p>\n<p><a href=\"https:\/\/www.facebook.com\/events\/616354805836254\/\">https:\/\/www.facebook.com\/events\/616354805836254\/<\/a><\/p>\n<p>&nbsp;<\/p>\n<p>Die erfolgreiche Serie geht in die neunte Runde.<\/p>\n<p>Improtheater hei\u00dft: Aus Inspirationen vom Publikum improvisieren Mannschaften sofort, ohne weitere Vorbereitung, kurze Theaterszenen. Nach jeder Szenenrunde stimmt das Publikum ab welche Szene ihnen besser gefallen hat. 6 Mannschaften k\u00e4mpfen heuer in diesem Improtheater-Turnier lustvoll um den Titel des Landesmeisters.<\/p>\n<blockquote><p>&gt; Termine:<br \/>\nVorspiele<br \/>\nDi, 11.02. \/\/ Chili vs. Catfish \/\/ 20:00 \/\/ \u20ac 13,-\/ \u20ac 11,-* -&gt; Ausverkauft!<br \/>\nMi, 12.02. \/\/ Impro Family vs. Ungez\u00e4hmten \/\/ 20:00 \/\/ \u20ac 13,-\/ \u20ac 11,-* -&gt; Ausverkauft!<\/p><\/blockquote>\n<p>&nbsp;<\/p>\n<p><strong>12.3.2020: Alle Termine abgesagt wegen Corona<\/strong><\/p>\n<p>&nbsp;<\/p>\n<p>Halbfinale<br \/>\nMi, 25.03. \/\/ Gewinner 12.02. = Ungez\u00e4hmten vs. Humorvorsorge \/\/ 20:00 \/\/ \u20ac 13,-\/ \u20ac 11,-*<br \/>\nDo, 26.03. \/\/ Gewinner 11.02. = Chili vs. Mini Me\u2019s \/\/ 20:00 \/\/ \u20ac 13,-\/ \u20ac 11,-*<\/p>\n<p>Karten sind im Kulturzentrum Hof, erst jeweils 1 Woche vor dem jeweiligen Termin, zu reservieren.<\/p>\n<p>Finale<br \/>\nFr, 01.05, 19:30, Kammerspiele Linz (Karten: 0732 76 11 400, bzw. kassa@landestheater-linz.at)<\/p>\n<p>&#8230;&#8230;&#8230;&#8230;&#8230;&#8230;&#8230;&#8230;&#8230;&#8230;&#8230;&#8230;&#8230;&#8230;&#8230;&#8230;&#8230;&#8230;&#8230;&#8230;&#8230;&#8230;&#8230;&#8230;&#8230;&#8230;.<\/p>\n<p>Infos und Kartenreservierung:<br \/>\n<a href=\"https:\/\/l.facebook.com\/l.php?u=http%3A%2F%2Fwww.kulturzentrum-hof.at%2F%3Ffbclid%3DIwAR09RifW0FE7-oUp_VdGaUBJUCLvcDghR2iec7-bErPMxpllcEHSMMh9pf4&amp;h=AT1q-WvQd9QpKgiMNsJmPlZd7EIWCvf5cAm0L8c0wdxlwfNpbauTO8iaqJNq0nCZkcFcwD_uIFrtKYVzdFAX_dKaISoXcBfGQUXn9qpW5kuZDyaFgTN58NqlCJKao6ObOA\" target=\"_blank\" rel=\"nofollow noopener noreferrer\" data-lynx-mode=\"hover\">www.kulturzentrum-hof.at<\/a><br \/>\noffice@kulturzentrum-hof.at<br \/>\n0732\/77 48 63<\/p>\n<p>* Abendkasse \/ Vorverkauf<br \/>\n&#8230;&#8230;&#8230;&#8230;&#8230;&#8230;&#8230;&#8230;&#8230;&#8230;&#8230;&#8230;&#8230;&#8230;&#8230;&#8230;&#8230;&#8230;&#8230;&#8230;&#8230;&#8230;&#8230;&#8230;&#8230;&#8230;.<\/p>\n<p>&gt;&gt; Mannschaften:<br \/>\nUngez\u00e4hmten<br \/>\nWild oder zahm \u2013 wir nehmen mit unserem Charme das Publikum mit auf eine abwechslungsreiche und spannende Reise in die Welt der Phantasie und der Improvisation. Eine Improgruppe, wie sie ungez\u00e4hmter nicht sein kann.<\/p>\n<p>Chili<br \/>\n5,4,3,2,1 &#8211; Chili!! Werfen Sie uns Ihre selbst gew\u00e4hlten Zutaten auf die B\u00fchne und wir bereiten daraus humorvolle H\u00e4ppchen, die wir Ihnen in mehreren G\u00e4ngen servieren. Je sch\u00e4rfer Sie w\u00fcrzen, umso feuriger wird unsere Show.<\/p>\n<p>Mini Me\u2019s<br \/>\nJeder Mensch hat sein kleines Ich, das ihn dazu veranlasst, die lustigsten und verr\u00fccktesten Dinge zu tun. Unsere Ichs haben uns dazu gebracht, Mut zu fassen und uns auf die B\u00fchne zu stellen. F\u00fcr uns ist es das Wichtigste, Leute zum Lachen zu bringen und zu sehen, dass sie gl\u00fccklich sind.<\/p>\n<p>Impro Family<br \/>\nDie Lage ist hoffnungslos, aber nicht ernst! Wir sind ein wilder Haufen von Individualisten, die sich in ihrer Eigenart lieben und sch\u00e4tzen gelernt haben. Als Impro Familiy geben wir uns ganz dem Moment hin, die Inspiration ereilt uns in den unerwartetsten Momenten, und wir nehmen alles nur halb so ernst, daf\u00fcr aber umso wichtiger, und mit einer guten Prise Humor kommt immer was raus. Lustvoll scheitern lautet die Devise!<\/p>\n<p>Catfish<br \/>\nCatfish (engl. Wels) \u2013 aus Wels sind 7 Schauspielerinnen und Schauspieler, die dem Moment und ihrer Kreativit\u00e4t vertrauen \u2013 krallenscharf &amp; aalglatt!<\/p>\n<p>Humorvorsorge<br \/>\nDie Linzer Humorvorsorge ist eine Gruppe bunter Menschen, die gerne Geschichten erfinden und ihrer Phantasie freien Lauf lassen. Wir lieben den kreativen Ausdruck beim Spielen und haben Freude daran, unser Publikum zu unterhalten &#8211; und das geht am besten mit der Kunst des Improtheaters.<\/p>\n<p>&nbsp;<\/p>\n<p>&nbsp;<\/p>\n<h3>Impro Amateurtheater Landesmeisterschaft O\u00d6 2019<\/h3>\n<p>&nbsp;<\/p>\n<p>&nbsp;<\/p>\n<p>Die erfolgreiche Serie geht in die achte Runde.<\/p>\n<p>Improvisationstheater hei\u00dft: Aus Inspirationen vom Publikum improvisieren Mannschaften sofort, ohne weitere Vorbereitung, kurze Theaterszenen. Nach jeder Szenenrunde stimmt das Publikum ab welche Szene ihnen besser gefallen hat. 6 Mannschaften k\u00e4mpfen heuer in diesem Improtheater-Turnier lustvoll um den Titel des Landesmeisters.<\/p>\n<p>&nbsp;<\/p>\n<p><a href=\"http:\/\/www.facebook.com\/improlandesmeisterschaft\">www.facebook.com\/improlandesmeisterschaft<\/a><\/p>\n<p><a href=\"https:\/\/www.amateurtheater-ooe.at\">www.amateurtheater-ooe.at<\/a><br \/>\n<a href=\"mailto:impro.lm.oberoesterreich@gmail.com\">impro.lm.oberoesterreich@gmail.com<\/a><\/p>\n<p>&nbsp;<\/p>\n<p>Termine:<\/p>\n<p>Vorspiele:<\/p>\n<p>Do 7.3, 20h\u00a0\u00a0\u00a0\u00a0\u00a0\u00a0\u00a0\u00a0 \u00a0\u00a0\u00a0\u00a0\u00a0\u00a0\u00a0\u00a0\u00a0\u00a0\u00a0\u00a0\u00a0\u00a0\u00a0 Ungez\u00e4hmten vs Mini Me\u2018s<\/p>\n<p>Fr 8.3, 20h\u00a0\u00a0\u00a0\u00a0\u00a0\u00a0\u00a0\u00a0\u00a0\u00a0 \u00a0\u00a0\u00a0\u00a0\u00a0\u00a0\u00a0\u00a0\u00a0\u00a0\u00a0\u00a0\u00a0\u00a0\u00a0 Chili vs Impro Family<\/p>\n<p>&nbsp;<\/p>\n<p>Halbfinale:<\/p>\n<p>Do 28.3, 20h\u00a0\u00a0\u00a0\u00a0\u00a0\u00a0 \u00a0\u00a0\u00a0\u00a0\u00a0\u00a0\u00a0\u00a0\u00a0\u00a0\u00a0\u00a0\u00a0\u00a0\u00a0 Gewinner Chili vs Impro Family: gegen Spontanwerkstatt<\/p>\n<p>Fr 29.3, 20h\u00a0\u00a0\u00a0\u00a0\u00a0\u00a0\u00a0 \u00a0\u00a0\u00a0\u00a0\u00a0\u00a0\u00a0\u00a0\u00a0\u00a0\u00a0\u00a0\u00a0\u00a0\u00a0 Gewinner Ungez\u00e4hmten vs Mini Me\u2018s: gegen Humorvorsorge<\/p>\n<p>&nbsp;<\/p>\n<p>Vorspiele und Halbfinale im Kulturzentrum Hof, Ludglasse 16, Linz<\/p>\n<p>11eur Vorkassa, 13 eur Abendkassa<\/p>\n<p>(Achtung: Karten gibt es dort jeweils 1 Woche vor dem Termin zu reservieren \/ kaufen)<\/p>\n<p>&nbsp;<\/p>\n<p>Finale:<\/p>\n<p>Fr 12.4, 19:30h\u00a0\u00a0\u00a0\u00a0\u00a0\u00a0\u00a0\u00a0\u00a0\u00a0\u00a0\u00a0\u00a0\u00a0\u00a0\u00a0\u00a0 Finale im Schauspielhaus (Karten: 0732 76 11 400, bzw. <a href=\"mailto:kassa@landestheater-linz.at\">kassa@landestheater-linz.at<\/a>, 12 eur)<\/p>\n<p>&nbsp;<\/p>\n<p>Mannschaften:<\/p>\n<p>Ungez\u00e4hmten<\/p>\n<p>Wild oder zahm \u2013 wir nehmen mit unserem Charme das Publikum mit auf eine abwechslungsreiche und spannende Reise in die Welt der Phantasie und der Improvisation. Eine Improgruppe, wie sie ungez\u00e4hmter nicht sein kann.<\/p>\n<p><a href=\"http:\/\/www.ungezaehmt.com\">www.ungezaehmt.com<\/a>, ungezaehmten@gmail.com<\/p>\n<p>&nbsp;<\/p>\n<p>Humorvorsorge<\/p>\n<p>Wir lieben spannende, ber\u00fchrende, tiefgr\u00fcndige und lustige Szenen &amp; diese zaubern wir wahnsinnig gerne, mit Genuss und viel Phantasie auf die B\u00fchne.<\/p>\n<p><a href=\"http:\/\/www.humorvorsorge.at\">www.humorvorsorge.at<\/a>, info@humorvorsorge.at<\/p>\n<p>&nbsp;<\/p>\n<p>Chili<\/p>\n<p>5,4,3,2,1 &#8211; Chili!! Werfen Sie uns Ihre selbst gew\u00e4hlten Zutaten auf die B\u00fchne und wir bereiten daraus humorvolle H\u00e4ppchen, die wir Ihnen in mehreren G\u00e4ngen servieren. Je sch\u00e4rfer Sie w\u00fcrzen, umso feuriger wird unsere Show.<\/p>\n<p>www.facebook.com\/Impro.Chili<\/p>\n<p>&nbsp;<\/p>\n<p>Spontanwerkstatt<\/p>\n<p><em>\u201eEver tried. Ever failed. No matter. Try again. Fail again. Fail better\u201c (S. Beckett)<\/em> ist unser Motto. Mit viel Lust, wechselnder Energie, aber immer mit Spielfreude trainieren wir regelm\u00e4\u00dfig. Leben, Scheitern, Lachen: Die B\u00fchne ist unsere kreative Werkstatt, weil das Leben sowieso ernst genug ist!<\/p>\n<p>spontanwerkstatt@aon.at<\/p>\n<p>&nbsp;<\/p>\n<p>Mini Me\u2019s<\/p>\n<p>Jeder Mensch hat sein kleines Ich, das ihn dazu veranlasst, die lustigsten und verr\u00fccktesten Dinge zu tun. Unsere Ichs haben uns dazu gebracht, Mut zu fassen und uns auf die B\u00fchne zu stellen. F\u00fcr uns ist es das Wichtigste, Leute zum Lachen zu bringen und zu sehen, dass sie gl\u00fccklich sind.<br \/>\njoy@mondfisch.at<\/p>\n<p>&nbsp;<\/p>\n<p>Impro Family<\/p>\n<p>Die Lage ist hoffnungslos, aber nicht ernst! Wir sind ein wilder Haufen von Individualisten, die sich in ihrer Eigenart lieben und sch\u00e4tzen gelernt haben. Als Impro Familiy geben wir uns ganz dem Moment hin, die Inspiration ereilt uns in den unerwartetsten Momenten, und wir nehmen alles nur halb so ernst, daf\u00fcr aber umso wichtiger, und mit einer guten Prise Humor kommt immer was raus. Lustvoll scheitern lautet die Devise!<\/p>\n<p>Improfamily@gmx.at<\/p>\n<p>&nbsp;<\/p>\n<p>&nbsp;<\/p>\n<h3>&#8212;&#8212;&#8212;&#8212;&#8212;&#8212;&#8212;&#8212;&#8212;&#8212;&#8212;&#8212;-<\/h3>\n<h3>Impro Amateurtheater Landesmeisterschaft 2016<\/h3>\n<h3><a href=\"http:\/\/www.ooe-theaterverband.com\/wp-content\/uploads\/2016\/02\/Impro-Amateurtheater-Landesmeisterschaft-2016-Flyer.pdf\">Impro Amateurtheater Landesmeisterschaft 2016 Flyer<\/a><br \/>\n<a href=\"http:\/\/www.ooe-theaterverband.com\/wp-content\/uploads\/2016\/02\/Impro-Amateurtheater-Landesmeisterschaft-2016-Postkarte.pdf\">Impro Amateurtheater Landesmeisterschaft 2016 Postkarte<\/a><\/h3>\n<p><strong>Jedes Jahr k\u00e4mpfen Impro-Amateurgruppen um den Titel<\/strong><br \/>\n<strong> 2016: 12 Teams\u00a0an\u00a06 Abenden<\/strong><\/p>\n<table>\n<tbody>\n<tr>\n<td>Vorrunde<br \/>\n1<br \/>\n10. April, 18h<\/td>\n<td>Blackbox Musiktheater<br \/>\nTranspiranten vs. Spontanwerkstatt<br \/>\nSchalustigen vs. Chili<\/td>\n<\/tr>\n<tr>\n<td>Vorrunde<br \/>\n2<br \/>\n28. April, 20h<\/td>\n<td>Blackbox Musiktheater<br \/>\nCatfish vs. Nimm2plus2<br \/>\nJa, nat\u00fcrlich vs. Die Ungez\u00e4hmten<\/td>\n<\/tr>\n<tr>\n<td>Viertelrunde<br \/>\n1<br \/>\n28. Mai, 20h<\/td>\n<td>Blackbox Musiktheater<br \/>\nGewinner der ersten Halbzeiten der Vorrunde 1 treffen auf die<br \/>\n&#8222;Oldies&#8220;: Humorvorsorge und N2O<\/td>\n<\/tr>\n<tr>\n<td>Viertelrunde<br \/>\n10. Juni, 20h<\/td>\n<td>Blackbox Musiktheater<br \/>\nGewinner der zweiten\u00a0der Vorrunde 2 treffen auf die<br \/>\n&#8222;Oldies&#8220;: Mini\u00a0ME&#8217;s und\u00a0\u00dcberraschungseier<\/td>\n<\/tr>\n<tr>\n<td>Halbfinale<br \/>\n26. Juni, 18h<\/td>\n<td>Blackbox Musiktheater<br \/>\nLetzte Runde vor dem Finale. Mit den vier Mann\/Frauschaften, die sich bis jetzt behaupten konnten.<\/td>\n<\/tr>\n<tr>\n<td>Gro\u00dfes Finale<br \/>\n4. Juli, 19:30h<\/td>\n<td>Kammerspiele\/Promenade<\/td>\n<\/tr>\n<\/tbody>\n<\/table>\n<p>&nbsp;<\/p>\n<h2><\/h2>\n<h2><\/h2>\n<h2>Impro-Landesmeisterschaft 2015<\/h2>\n<p>Jedes Jahr k\u00e4mpfen Impro-Amateurmannschaften um den Titel<br \/>\n2015: 8 Mannschaften in 5 Spielterminen<\/p>\n<table border=\"0\">\n<tbody>\n<tr>\n<td>um den Titel spielen:<br \/>\nHumorvorsorge aus Linz, <a href=\"http:\/\/www.ooe-theaterverband.com\/?wysijap=subscriptions&amp;email_id=0&amp;user_id=2&amp;urlencoded=aHR0cDovL3d3dy5odW1vcnZvcnNvcmdlLmF0Lw==&amp;controller=stats&amp;action=analyse&amp;wysija-page=1&amp;wysijap=subscriptions\">www.humorvorsorge.at<\/a><br \/>\nImPerfect aus Ottensheim, <a href=\"http:\/\/www.ooe-theaterverband.com\/?wysijap=subscriptions&amp;email_id=0&amp;user_id=2&amp;urlencoded=aHR0cDovL3d3dy5pbXBlcmZlY3QuYXQv&amp;controller=stats&amp;action=analyse&amp;wysija-page=1&amp;wysijap=subscriptions\">www.imperfect.at<\/a><br \/>\nTON aus Altenberg, <a href=\"http:\/\/www.ooe-theaterverband.com\/?wysijap=subscriptions&amp;email_id=0&amp;user_id=2&amp;urlencoded=aHR0cDovL3d3dy50aGVhdGVyLmFsdGVuYmVyZy5hdC8=&amp;controller=stats&amp;action=analyse&amp;wysija-page=1&amp;wysijap=subscriptions\">www.theater.altenberg.at<\/a><\/td>\n<\/tr>\n<tr>\n<td>Sa., 31. M\u00e4rz 2012 um 19:30 Uhr<br \/>\nKammerspielen \/ Landestheater Linz<\/td>\n<\/tr>\n<tr>\n<td>Kartenservice 0800.218.000 bzw. <a href=\"http:\/\/www.ooe-theaterverband.com\/?wysijap=subscriptions&amp;email_id=0&amp;user_id=2&amp;urlencoded=aHR0cDovL3d3dy5sYW5kZXN0aGVhdGVyLWxpbnouYXQv&amp;controller=stats&amp;action=analyse&amp;wysija-page=1&amp;wysijap=subscriptions\">www.landestheater-linz.at<\/a><\/td>\n<\/tr>\n<tr>\n<td>\u00a0<a href=\"http:\/\/www.ooe-theaterverband.com\/wp-content\/uploads\/2010\/10\/Impro_Landesmeisterschaft-2012.pdf\">Impro_Landesmeisterschaft 2012<\/a><\/td>\n<\/tr>\n<\/tbody>\n<\/table>\n<h2>Impro-Amateurtheater Landesmeisterschaften 2010\/2011<\/h2>\n<p>Ausgangspunkt des Improvisationstheaters sind die schon teils im antiken Theater Griechenlands vorzufindenden Grundprinzipien der Commedia dell&#8216; arte.<br \/>\nIn den 60er und 70er Jahren wurde das Improtheater im wesentlichen durch Viola Spolin und Keith Johnstone mit neuem Leben erf\u00fcllt.<br \/>\nAus der Vorgabe des Publikums und der Spontanit\u00e4t und Kreativit\u00e4t der SpielerInnen werden auf der B\u00fchne im Hier und Jetzt Situationen oft fernab der Realit\u00e4t erschaffen.<br \/>\nAlles ist m\u00f6glich \u00ad\u00a0 nichts ist vorhersehbar. Jede Szene ist eine einmalige Urauff\u00fchrung. Im Theatersport\u00ae \u201ematchen\u201c sich zwei Teams um die Gunst des Publikums, dabei gibt es auch einen Schiedsrichter, der auf die Einhaltung der Regeln achtet \u00ad wobei die erste lautet: \u201eLasse den anderen gut ausschauen \u00ad und langweile dein Publikum nicht!\u201c \u00ad Eine grandiose Parodie auf todernsten sportlichen Wettkampf, die von den SpielerInnen sehr viel Mut zum Risiko \u2013 und damit auch Mut zum Scheitern \u00ad erfordert.<br \/>\nDas Faszinierende an den an den Landesmeisterschaften teilnehmenden Gruppen ist, dass sie jeweils typische Spielformen hervorgebracht haben und sich so deutlich voneinander unterscheiden. Dies auch, weil jede Gruppe sich st\u00e4ndig weiterbildet und Seminare mit verschiedenen internationalen und nationalen Impro\u00adTrainerInnen besucht.<\/p>\n<h3>MIT:<\/h3>\n<h4>\u00dcberraschungseier<\/h4>\n<p>Sieben Powerfrauen \u00ad\u00a0 spontan, charmant und leidenschaftlich unberechenbar \u00ad tauchen mit der Kreativit\u00e4t des Publikums ein in verr\u00fcckte Welten und unvorhersehbare Geschichten \u00ad lassen Sie sich \u00fcberraschen \u00ad alles ist m\u00f6glich! <a href=\"http:\/\/www.ueberraschungseier.at\">www.ueberraschungseier.at<\/a><\/p>\n<h4>ImPerfect<\/h4>\n<p>Derzeit treffen sich 10 ImPerfecte aus der \u201eRegion\u201c Linz, Lichtenberg, Ottensheim und Feldkirchen um vierzehnt\u00e4gig gemeinsam lustvoll verschiedene Formate und Spiele aus dem Improvisationstheater auszutesten und auszuprobieren \u00ad inzwischen auch \u00f6ffentlich. <a href=\"http:\/\/www.imperfect.at\">www.imperfect.at<\/a><\/p>\n<h4>Humorvorsorge<\/h4>\n<p>Wir von der Humorvorsorge sind ein Verein bunter Menschen, die gerne Geschichten erfinden und ihrer Phantasie freien Lauf lassen. Geschichten die noch nicht geschrieben sind \u2013 wir spielen sie! <a href=\"http:\/\/www.humorvorsorge.at\">www.humorvorsorge.at<\/a><\/p>\n<h4>N2O<\/h4>\n<p>Das ist die Formel f\u00fcr Lachgas und wir \u00ad als l\u00e4ngst bestehende Improgruppe in O\u00f6 \u00ad werden bei der Improliga so richtig Gas geben. Wir wollen ihn haben, den Pokal, ob&#8217;s reicht? Es wird spannend&#8230;\u00a0\u00a0 <a href=\"http:\/\/www.kbp.at\">www.kbp.at<\/a><\/p>\n<h4>ToN<\/h4>\n<p>Impro in Altenberg ist dieses Jahr wieder mal auferstanden und spielt mit Freude und buntem Geschlechter\u00ad und Altersmix. <a href=\"http:\/\/www.kultur.altenberg.at\/theater\">www.kultur.altenberg.at\/theater<\/a><\/p>\n<h3>SPIELTERMINE:<\/h3>\n<p>NORDGRUPPE:<br \/>\n5. November 2010, 20h: Spiel in Reichenthal, Gasth. Frauenhuber \u00dcBERRASCHUNGSEIER : TON<br \/>\n18. Februar 2010, 20h: Spiel in Altenberg, Theaterhaus Altenberg TON : \u00fcBERRASCHUNGSEIER<\/p>\n<p>S\u00dcDGRUPPE:<br \/>\n27. November 2010, 19:30h: Spiel in Attnang Puchheim, Kellerb\u00fchne Puchheim (unter der Basilika Puchheim) N2O : HUMORVORSORGE : IMPERFECT<br \/>\n29. J\u00e4nner 2011, 20h: Spiel in Linz, Kulturkeller des Gasthauses \u201eAlter Welt\u201c am Hauptplatz HUMORVORSORGE : N2O : IMPERFECT<br \/>\n19. M\u00e4rz 2011, 20h: Spiel in Ottensheim, Gasthaus zur Post IMPERFECT : N2O : HUMORVORSORGE<\/p>\n<h3>ERGEBNISSE:<\/h3>\n<p>NORDGRUPPE:<\/p>\n<p>Spiel in Reichenthal am 5. November 2010:<br \/>\n\u00dcberraschungseier (39 Punkte) gewinnen gegen TON (37 Punkte)<\/p>\n<p>Spiel in Altenberg am 18. Februar 2011:<br \/>\nTON (40 Punkte) gewinnen gegen \u00dcberraschungseier (37 Punkte)<\/p>\n<p>Endresultat:<br \/>\nTON steigt mit 77 Punkten auf (\u00dcberraschungseier 76 Punkte)<\/p>\n<p>S\u00dcDGRUPPE:<br \/>\nSpiel in Attnang Puchheim am 27. November 2010:<br \/>\nN2O (35 Punkte) gewinnt gegen Humorvorsorge (32 Punkte)<br \/>\nN2O (31 Punkte) gewinnt gegen Imperfect (28 Punkte)<\/p>\n<p>Spiel in Linz am 29. J\u00e4nner 2011:<br \/>\nN2O (40 Punkte) gewinnt gegen Humorvorsorge (39 Punkte)<br \/>\nHumorvorsorge (42) gewinnt gegen ImPerfect (39 Punkte)<\/p>\n<p>Spiel in Ottensheim am 19. M\u00e4rz 2011:<br \/>\nImPerfect (37 Punkte) gewinnt gegen N2O (36 Punkte)<br \/>\nImPerfect (35 Punkte) gewinnt gegen Humorvorsorge (30 Punkte)<\/p>\n<p>Endresultat: N2O hat 3 Spiele gewonnen und steigt auf<\/p>\n<p>FINALE<\/p>\n<p>Spiel in Linz am 16. April 2011: TON gegen N2O<\/p>\n","protected":false},"excerpt":{"rendered":"<p>Improtheater Amateurgruppen in Ober\u00f6sterreich Es gibt einige Amateurtheatergruppen in O\u00d6 die Improvisationstheater machen. zb N2O aus Attnang-Puchheim Humorvorsorge aus Linz Chili aus Linz Gaudiatoren aus Linz Jacky und die Improbande aus Linz Dreizack aus Linz Transpiranten aus Linz Spontanwerkstatt aus Linz Stegreif aus Steyr www.improtermine.at ist gemeinsame Terminplattform. Seit 2023 gibt es das Impro Festival [&hellip;]<\/p>\n","protected":false},"author":8,"featured_media":0,"parent":202,"menu_order":8,"comment_status":"open","ping_status":"closed","template":"","meta":{"footnotes":""},"class_list":["post-1184","page","type-page","status-publish","hentry"],"_links":{"self":[{"href":"https:\/\/www.amateurtheater-ooe.at\/index.php?rest_route=\/wp\/v2\/pages\/1184","targetHints":{"allow":["GET"]}}],"collection":[{"href":"https:\/\/www.amateurtheater-ooe.at\/index.php?rest_route=\/wp\/v2\/pages"}],"about":[{"href":"https:\/\/www.amateurtheater-ooe.at\/index.php?rest_route=\/wp\/v2\/types\/page"}],"author":[{"embeddable":true,"href":"https:\/\/www.amateurtheater-ooe.at\/index.php?rest_route=\/wp\/v2\/users\/8"}],"replies":[{"embeddable":true,"href":"https:\/\/www.amateurtheater-ooe.at\/index.php?rest_route=%2Fwp%2Fv2%2Fcomments&post=1184"}],"version-history":[{"count":42,"href":"https:\/\/www.amateurtheater-ooe.at\/index.php?rest_route=\/wp\/v2\/pages\/1184\/revisions"}],"predecessor-version":[{"id":21818,"href":"https:\/\/www.amateurtheater-ooe.at\/index.php?rest_route=\/wp\/v2\/pages\/1184\/revisions\/21818"}],"up":[{"embeddable":true,"href":"https:\/\/www.amateurtheater-ooe.at\/index.php?rest_route=\/wp\/v2\/pages\/202"}],"wp:attachment":[{"href":"https:\/\/www.amateurtheater-ooe.at\/index.php?rest_route=%2Fwp%2Fv2%2Fmedia&parent=1184"}],"curies":[{"name":"wp","href":"https:\/\/api.w.org\/{rel}","templated":true}]}}