{"id":17716,"date":"2023-06-21T10:20:26","date_gmt":"2023-06-21T09:20:26","guid":{"rendered":"http:\/\/www.amateurtheater-ooe.at\/?page_id=17716"},"modified":"2023-06-26T12:15:26","modified_gmt":"2023-06-26T11:15:26","slug":"oesterreichweite-theaterboerse","status":"publish","type":"page","link":"https:\/\/www.amateurtheater-ooe.at\/?page_id=17716","title":{"rendered":"\u00d6sterreichweite Theaterb\u00f6rse"},"content":{"rendered":"<p>Auf der Suche nach Requisiten, Workshops oder B\u00fchnenzubeh\u00f6r durchforsten wir oft das Internet und Kost\u00fcmverleihe. Das ist umst\u00e4ndlich und braucht viel Zeit. Um diesen Prozess f\u00fcr Theatergruppen und \u2013 schaffende zu erleichtern, hat der Vorarlberger Landesverband f\u00fcr Amateurtheater gemeinsam mit dem \u00d6BV ein ganz besonderes Projekt gestartet: die \u00f6sterreichweite Theaterb\u00f6rse. Sie ist unter dem URL <a href=\"http:\/\/www.theaterb\u00f6rse.at\">www.theaterb\u00f6rse.at<\/a> erreichbar und komplett gratis.<\/p>\n<h1>Funktionen<\/h1>\n<p>Diese besondere Tausch- und Kauf-B\u00f6rse ist mit drei Kategorien ausgestattet:<\/p>\n<h3>hab was<\/h3>\n<p>Hier kannst du Requisiten und Zubeh\u00f6r aller Art kaufen, leihen oder mieten. Diese Kategorie ist die perfekte Anlaufstelle, um ausgemistete Dinge weiterzugeben oder den Fundus zu erweitern.<\/p>\n<h3>brauch was<\/h3>\n<p>Wenn du auf der Suche nach etwas bist \u2013 z.B. Schauspieler:innen oder besonderen Requisiten \u2013 kannst du hier einen Beitrag ver\u00f6ffentlichen.<\/p>\n<h3>kann was<\/h3>\n<p>Machst du Spielberatung? Bietest du Workshops an? Hast du besondere Kenntnisse, die du mit anderen Theaterschaffenden teilen willst oder bist du auf der Suche nach Personen mit einem bestimmten F\u00e4higkeitsprofil? Dann ist \u201ekann was\u201c deine Kategorie. Hier finden sich Profis und Erfahrene aus den Bereichen Beleuchtung, Schminke, Theaterp\u00e4dagogik, Regie, Figurentheater und noch vielen mehr.<\/p>\n<p>&nbsp;<\/p>\n<p>Wer Hilfe beim Erstellen einer Anzeige braucht, kann uns gerne unter <a href=\"mailto:office@amateurtheater-ooe.at\">office@amateurtheater-ooe.at<\/a> schreiben.<\/p>\n","protected":false},"excerpt":{"rendered":"<p>Auf der Suche nach Requisiten, Workshops oder B\u00fchnenzubeh\u00f6r durchforsten wir oft das Internet und Kost\u00fcmverleihe. Das ist umst\u00e4ndlich und braucht viel Zeit. Um diesen Prozess f\u00fcr Theatergruppen und \u2013 schaffende zu erleichtern, hat der Vorarlberger Landesverband f\u00fcr Amateurtheater gemeinsam mit dem \u00d6BV ein ganz besonderes Projekt gestartet: die \u00f6sterreichweite Theaterb\u00f6rse. Sie ist unter dem URL [&hellip;]<\/p>\n","protected":false},"author":17,"featured_media":0,"parent":218,"menu_order":0,"comment_status":"closed","ping_status":"closed","template":"","meta":{"footnotes":""},"class_list":["post-17716","page","type-page","status-publish","hentry"],"_links":{"self":[{"href":"https:\/\/www.amateurtheater-ooe.at\/index.php?rest_route=\/wp\/v2\/pages\/17716","targetHints":{"allow":["GET"]}}],"collection":[{"href":"https:\/\/www.amateurtheater-ooe.at\/index.php?rest_route=\/wp\/v2\/pages"}],"about":[{"href":"https:\/\/www.amateurtheater-ooe.at\/index.php?rest_route=\/wp\/v2\/types\/page"}],"author":[{"embeddable":true,"href":"https:\/\/www.amateurtheater-ooe.at\/index.php?rest_route=\/wp\/v2\/users\/17"}],"replies":[{"embeddable":true,"href":"https:\/\/www.amateurtheater-ooe.at\/index.php?rest_route=%2Fwp%2Fv2%2Fcomments&post=17716"}],"version-history":[{"count":5,"href":"https:\/\/www.amateurtheater-ooe.at\/index.php?rest_route=\/wp\/v2\/pages\/17716\/revisions"}],"predecessor-version":[{"id":17738,"href":"https:\/\/www.amateurtheater-ooe.at\/index.php?rest_route=\/wp\/v2\/pages\/17716\/revisions\/17738"}],"up":[{"embeddable":true,"href":"https:\/\/www.amateurtheater-ooe.at\/index.php?rest_route=\/wp\/v2\/pages\/218"}],"wp:attachment":[{"href":"https:\/\/www.amateurtheater-ooe.at\/index.php?rest_route=%2Fwp%2Fv2%2Fmedia&parent=17716"}],"curies":[{"name":"wp","href":"https:\/\/api.w.org\/{rel}","templated":true}]}}