{"id":213,"date":"2010-02-28T21:05:29","date_gmt":"2010-02-28T20:05:29","guid":{"rendered":"http:\/\/www.ooe-theaterverband.com\/?page_id=213"},"modified":"2025-05-19T11:06:23","modified_gmt":"2025-05-19T10:06:23","slug":"theatergruppen","status":"publish","type":"page","link":"https:\/\/www.amateurtheater-ooe.at\/?page_id=213","title":{"rendered":"Links und Logo"},"content":{"rendered":"<p><a href=\"http:\/\/www.ooe-volkskultur.at\/\">http:\/\/www.ooe-volkskultur.at\/<\/a><br \/>\n<a title=\"http:\/\/www.ooe-volkskultur.at\/akademie\" href=\"http:\/\/www.ooe-volkskultur.at\/akademie\">http:\/\/www.ooe-volkskultur.at\/akademie<\/a><\/p>\n<p><a href=\"https:\/\/www.landestheater-linz.at\/\">https:\/\/www.landestheater-linz.at\/<\/a><\/p>\n<p><a href=\"http:\/\/www.oebvtheater.at\" target=\"_blank\" rel=\"noopener\">\u00d6BV Theater<\/a><br \/>\n<a href=\"http:\/\/www.adda-theater.com\" target=\"_blank\" rel=\"noopener\">ADDA Theater<\/a><\/p>\n<p><a href=\"http:\/\/www.theater-service-kaernten.com\" target=\"_blank\" rel=\"noopener\">Amateurtheaterverband in K\u00e4rnten<\/a><br \/>\n<a href=\"http:\/\/www.atinoe.at\" target=\"_blank\" rel=\"noopener\">Au\u00dferberufliches Theater in N\u00d6<\/a><br \/>\n<a href=\"http:\/\/www.sav-theater.at\" target=\"_blank\" rel=\"noopener\">Salzburger Amateurtheaterverband<\/a><br \/>\n<a href=\"http:\/\/www.laut.or.at\" target=\"_blank\" rel=\"noopener\">Landesverband Steiermark<\/a><br \/>\n<a href=\"http:\/\/www.theaterverbandtirol.at\" target=\"_blank\" rel=\"noopener\">Theater Verband Tirol<\/a><br \/>\n<a href=\"http:\/\/www.lva-theaterservice.at\" target=\"_blank\" rel=\"noopener\">Landesverband Vorarlberg<\/a><br \/>\n<a href=\"http:\/\/www.atheaterwien.at\" target=\"_blank\" rel=\"noopener\">Landesverband Wien<\/a><\/p>\n<p>Links Theatergruppen siehe: <a href=\"http:\/\/www.ooe-theaterverband.com\/?page_id=454\">http:\/\/www.ooe-theaterverband.com\/?page_id=454<\/a><\/p>\n<p><a href=\"http:\/\/www.nachrichten.at\/nachrichten\/kultur\/\">http:\/\/www.nachrichten.at\/nachrichten\/kultur\/<\/a><br \/>\n<a href=\"http:\/\/www.nachrichten.at\/freizeit\/\">http:\/\/www.nachrichten.at\/freizeit\/<\/a><\/p>\n<p><a title=\"http:\/\/derstandard.at\/Kultur\" href=\"http:\/\/derstandard.at\/Kultur\">http:\/\/derstandard.at\/Kultur<\/a><br \/>\n<a href=\"http:\/\/derstandard.at\/r1353209102940\/Theater\">derstandard.at\/r1353209102940\/Theater<\/a><\/p>\n<p><strong><em>Kostenfreie <\/em><\/strong>deutsch-englische Internet-Zeitschrift f\u00fcr Drama und Theater,<br \/>\nf\u00fcr das Lehren und Lernen von Fremdsprachen sowie dessen Literaturen und Kulturen: <a href=\"http:\/\/www.ucc.ie\/en\/scenario\/\">www.ucc.ie\/en\/scenario\/<\/a><\/p>\n<p>&nbsp;<\/p>\n<p>F\u00f6rderungen<\/p>\n<p><img loading=\"lazy\" decoding=\"async\" class=\"alignnone wp-image-20033\" src=\"https:\/\/www.amateurtheater-ooe.at\/wp-content\/uploads\/2025\/01\/schema_land_ooe_logo-300x158.jpg\" alt=\"\" width=\"131\" height=\"69\" srcset=\"https:\/\/www.amateurtheater-ooe.at\/wp-content\/uploads\/2025\/01\/schema_land_ooe_logo-300x158.jpg 300w, https:\/\/www.amateurtheater-ooe.at\/wp-content\/uploads\/2025\/01\/schema_land_ooe_logo-1024x538.jpg 1024w, https:\/\/www.amateurtheater-ooe.at\/wp-content\/uploads\/2025\/01\/schema_land_ooe_logo-200x105.jpg 200w, https:\/\/www.amateurtheater-ooe.at\/wp-content\/uploads\/2025\/01\/schema_land_ooe_logo-768x403.jpg 768w, https:\/\/www.amateurtheater-ooe.at\/wp-content\/uploads\/2025\/01\/schema_land_ooe_logo.jpg 1200w\" sizes=\"auto, (max-width: 131px) 100vw, 131px\" \/><br \/>\n<a href=\"https:\/\/www.land-oberoesterreich.gv.at\/212719.htm\">Land Ober\u00f6sterreich<\/a><\/p>\n<p><img loading=\"lazy\" decoding=\"async\" class=\"alignnone wp-image-20032\" src=\"https:\/\/www.amateurtheater-ooe.at\/wp-content\/uploads\/2025\/01\/BMKOES_Logo_srgb-300x81.png\" alt=\"\" width=\"226\" height=\"61\" srcset=\"https:\/\/www.amateurtheater-ooe.at\/wp-content\/uploads\/2025\/01\/BMKOES_Logo_srgb-300x81.png 300w, https:\/\/www.amateurtheater-ooe.at\/wp-content\/uploads\/2025\/01\/BMKOES_Logo_srgb-1024x275.png 1024w, https:\/\/www.amateurtheater-ooe.at\/wp-content\/uploads\/2025\/01\/BMKOES_Logo_srgb-200x54.png 200w, https:\/\/www.amateurtheater-ooe.at\/wp-content\/uploads\/2025\/01\/BMKOES_Logo_srgb-768x206.png 768w, https:\/\/www.amateurtheater-ooe.at\/wp-content\/uploads\/2025\/01\/BMKOES_Logo_srgb-1536x413.png 1536w, https:\/\/www.amateurtheater-ooe.at\/wp-content\/uploads\/2025\/01\/BMKOES_Logo_srgb-1320x355.png 1320w, https:\/\/www.amateurtheater-ooe.at\/wp-content\/uploads\/2025\/01\/BMKOES_Logo_srgb.png 1723w\" sizes=\"auto, (max-width: 226px) 100vw, 226px\" \/><br \/>\n<a href=\"https:\/\/www.bmkoes.gv.at\/kunst-und-kultur\/sparten\/musik-und-darstellende-kunst\/foerderungen.html\">Bundesministerium Kunst, Kultur, \u00f6ffentlicher Dienst und Sport<\/a><\/p>\n<p>&nbsp;<\/p>\n<p><a href=\"https:\/\/freietheater.at\/blog_entry\/blog-kulturfoerderungen-und-finanzierungsmoeglichkeiten-basiswissen\/\">Blog: Kulturf\u00f6rderungen und Finanzierungsm\u00f6glichkeiten (Basiswissen)<\/a><br \/>\n(Bitte beachten Sie, dass sich die Informationen und Anforderungen unterscheiden k\u00f6nnen. Ziehen Sie die Homepage vor bei der Sie Ihr Ansuchen stellen. Viel Erfolg!)<\/p>\n<p>&nbsp;<\/p>\n<table style=\"width: 704px;\" border=\"0\">\n<tbody>\n<tr>\n<td style=\"width: 648.83px;\"><strong>LV-Logo steht freigestellt (transparent) zum Download zur Verf\u00fcgung:<\/strong><\/td>\n<td style=\"width: 39.17px;\"><\/td>\n<\/tr>\n<tr>\n<td style=\"width: 648.83px;\"><a href=\"https:\/\/www.amateurtheater-ooe.at\/wp-content\/uploads\/2025\/05\/LogoNEU_CMYK_500cmx500cm-300dpi.png\">https:\/\/www.amateurtheater-ooe.at\/wp-content\/uploads\/2025\/05\/LogoNEU_CMYK_500cmx500cm-300dpi.png<\/a><\/td>\n<td style=\"width: 39.17px;\"><\/td>\n<\/tr>\n<tr>\n<td style=\"width: 648.83px;\">\u00a0<a href=\"http:\/\/www.ooe-theaterverband.com\/wp-content\/uploads\/2010\/02\/amaooe4cmittxt.jpg\"><img loading=\"lazy\" decoding=\"async\" class=\"alignleft size-medium wp-image-4607\" src=\"http:\/\/www.ooe-theaterverband.com\/wp-content\/uploads\/2010\/02\/amaooe4cmittxt-300x270.jpg\" alt=\"image description\" width=\"300\" height=\"270\" srcset=\"https:\/\/www.amateurtheater-ooe.at\/wp-content\/uploads\/2010\/02\/amaooe4cmittxt-300x270.jpg 300w, https:\/\/www.amateurtheater-ooe.at\/wp-content\/uploads\/2010\/02\/amaooe4cmittxt-166x150.jpg 166w, https:\/\/www.amateurtheater-ooe.at\/wp-content\/uploads\/2010\/02\/amaooe4cmittxt-1024x923.jpg 1024w, https:\/\/www.amateurtheater-ooe.at\/wp-content\/uploads\/2010\/02\/amaooe4cmittxt-600x540.jpg 600w, https:\/\/www.amateurtheater-ooe.at\/wp-content\/uploads\/2010\/02\/amaooe4cmittxt.jpg 1890w\" sizes=\"auto, (max-width: 300px) 100vw, 300px\" \/><\/a><\/td>\n<td style=\"width: 39.17px;\"><\/td>\n<\/tr>\n<\/tbody>\n<\/table>\n<p>&nbsp;<\/p>\n<p>&nbsp;<\/p>\n","protected":false},"excerpt":{"rendered":"<p>http:\/\/www.ooe-volkskultur.at\/ http:\/\/www.ooe-volkskultur.at\/akademie https:\/\/www.landestheater-linz.at\/ \u00d6BV Theater ADDA Theater Amateurtheaterverband in K\u00e4rnten Au\u00dferberufliches Theater in N\u00d6 Salzburger Amateurtheaterverband Landesverband Steiermark Theater Verband Tirol Landesverband Vorarlberg Landesverband Wien Links Theatergruppen siehe: http:\/\/www.ooe-theaterverband.com\/?page_id=454 http:\/\/www.nachrichten.at\/nachrichten\/kultur\/ http:\/\/www.nachrichten.at\/freizeit\/ http:\/\/derstandard.at\/Kultur derstandard.at\/r1353209102940\/Theater Kostenfreie deutsch-englische Internet-Zeitschrift f\u00fcr Drama und Theater, f\u00fcr das Lehren und Lernen von Fremdsprachen sowie dessen Literaturen und Kulturen: www.ucc.ie\/en\/scenario\/ &nbsp; F\u00f6rderungen [&hellip;]<\/p>\n","protected":false},"author":2,"featured_media":0,"parent":0,"menu_order":6,"comment_status":"open","ping_status":"closed","template":"","meta":{"footnotes":""},"class_list":["post-213","page","type-page","status-publish","hentry"],"_links":{"self":[{"href":"https:\/\/www.amateurtheater-ooe.at\/index.php?rest_route=\/wp\/v2\/pages\/213","targetHints":{"allow":["GET"]}}],"collection":[{"href":"https:\/\/www.amateurtheater-ooe.at\/index.php?rest_route=\/wp\/v2\/pages"}],"about":[{"href":"https:\/\/www.amateurtheater-ooe.at\/index.php?rest_route=\/wp\/v2\/types\/page"}],"author":[{"embeddable":true,"href":"https:\/\/www.amateurtheater-ooe.at\/index.php?rest_route=\/wp\/v2\/users\/2"}],"replies":[{"embeddable":true,"href":"https:\/\/www.amateurtheater-ooe.at\/index.php?rest_route=%2Fwp%2Fv2%2Fcomments&post=213"}],"version-history":[{"count":47,"href":"https:\/\/www.amateurtheater-ooe.at\/index.php?rest_route=\/wp\/v2\/pages\/213\/revisions"}],"predecessor-version":[{"id":20600,"href":"https:\/\/www.amateurtheater-ooe.at\/index.php?rest_route=\/wp\/v2\/pages\/213\/revisions\/20600"}],"wp:attachment":[{"href":"https:\/\/www.amateurtheater-ooe.at\/index.php?rest_route=%2Fwp%2Fv2%2Fmedia&parent=213"}],"curies":[{"name":"wp","href":"https:\/\/api.w.org\/{rel}","templated":true}]}}