{"id":325,"date":"2010-04-04T21:34:06","date_gmt":"2010-04-04T20:34:06","guid":{"rendered":"http:\/\/www.ooe-theaterverband.com\/?page_id=325"},"modified":"2026-01-15T11:27:36","modified_gmt":"2026-01-15T10:27:36","slug":"festivals","status":"publish","type":"page","link":"https:\/\/www.amateurtheater-ooe.at\/?page_id=325","title":{"rendered":"Festivals\/Jugendtheaterfestival"},"content":{"rendered":"<h2><strong>5. Int. JugendTheaterFestival Kremsm\u00fcnster 2026<\/strong><\/h2>\n<h1><strong> &#8222;Kremsm\u00fcnster brennt f\u00fcr junges Theater&#8220;<\/strong><\/h1>\n<h3>17.-20. Juni 2026<\/h3>\n<p>Der Dilettanten-Theaterverein 1812 Kremsm\u00fcnster und der Landesverband Amateurtheater Ober\u00f6sterreich veranstalten gemeinsam mit dem Bundesverband \u00d6BV-Theater das 5. Internationale Jugendtheaterfestival 2026 vom 17. bis 20. Juni 2026 in Kremsm\u00fcnster.<\/p>\n<p>Gesucht sind Gruppen, die das Festival mit modernem, beispielgebenden Jugendtheater bereichern wollen.<br \/>\nDas Thema der Produktion ist frei.<\/p>\n<p>Vier Gruppen aus dem benachbarten Ausland und sechs Gruppen aus \u00d6sterreich sollen \u201cB\u00fchnenplatz\u201d finden.<\/p>\n<p>Die Besonderheit: jede Theatergruppe, die ein St\u00fcck auff\u00fchrt, nimmt am gesamten Festival teil. So wird der Austausch mit den anderen Teilnehmenden und das Kennenlernen neuer Spielformen besonders gef\u00f6rdert.<\/p>\n<p>In Kremsm\u00fcnster erwarten die Gruppen anregende Diskussionen, gemeinsame Aktivit\u00e4ten und nat\u00fcrlich: <strong>4 Tage lang Theater!<\/strong><\/p>\n<p>Dieses Festival ist zugleich ein Angebot f\u00fcr die Sch\u00fcler:innen aus den Mittelschulen und Gymnasien der Region, modernes und innovatives Jugendtheater sowie Kreativit\u00e4t und Spontanit\u00e4t zu erleben.<\/p>\n<p>Bis zu f\u00fcnf Produktionen k\u00f6nnen t\u00e4glich besucht werden.<\/p>\n<p><span style=\"text-decoration: underline;\">Information und Anmeldung unter:<\/span> <a href=\"mailto:office@amateurtheater-ooe.at\">office@amateurtheater-ooe.at<\/a><\/p>\n<p><a href=\"https:\/\/www.amateurtheater-ooe.at\/wp-content\/uploads\/2025\/06\/JugendTheaterFestival_Datenblatt.pdf\">Anmeldung \/ Application<\/a><\/p>\n<p>__________________________________________________________________________________________________________<\/p>\n<h1>_____________________Archiv_____________________<\/h1>\n<h2>4. Int. JugendTheaterFestival Kremsm\u00fcnster 2023<\/h2>\n<p>Das Amateurtheater O\u00d6, der \u00d6BV (\u00d6st. Bundesverband f\u00fcr au\u00dferberufliches Theater) und IDEA (Int. Drama in education Association) richten f\u00fcr Sch\u00fclerinnen und Sch\u00fcler (ab 10 Jahren) als Angebot zum Mitmachen und Besuchen\/Erleben das <strong>4. Internationale JugendTheaterFestival 2023<\/strong> aus.<\/p>\n<p><strong>Zeit:<\/strong> 31. Mai \u2013 3. Juni 2023 (Woche nach Pfingsten)<br \/>\n<strong>Ort:<\/strong> Kremsm\u00fcnster (Theatersaal Stift, Kulturzentrum)<br \/>\n10 teilnehmende Gruppen (im Alter von 16 bis 25 Jahren) aus dem Ausland und \u00d6sterreich<\/p>\n<p>Dieses Festival bietet die M\u00f6glichkeit, au\u00dfergew\u00f6hnliches Theater (von 4 ausl\u00e4ndischen und 6 \u00f6sterreichischen Gruppen) zu erleben, Neues und Kreatives aufzunehmen, mit Schauspielern\/ -innen zu kommunizieren und fr\u00f6hliche Gemeinschaft zu erfahren.<\/p>\n<p>Meldungen und Anfragen:<br \/>\n<a href=\"mailto:office@amateurtheater-ooe.at\">office@amateurtheater-ooe.at<\/a><br \/>\n<a href=\"mailto:bernhard.paumann@amateurtheater-ooe.at\">bernhard.paumann@amateurtheater-ooe.at<\/a><\/p>\n<h3>Reservierung<\/h3>\n<p><a href=\"https:\/\/www.amateurtheater-ooe.at\/wp-content\/uploads\/2023\/04\/JugendTheaterFestival_Folder.pdf\">Programm<\/a><\/p>\n<p><a href=\"https:\/\/www.ticketlotse.com\/event\/?id=489\">Tickets<\/a><\/p>\n<p><img loading=\"lazy\" decoding=\"async\" class=\"\" src=\"data:image\/png;base64,iVBORw0KGgoAAAANSUhEUgAAA+gAAAPoAQMAAAB3bUanAAAABlBMVEX\/\/\/8AAABVwtN+AAAACXBIWXMAAA7EAAAOxAGVKw4bAAAEBElEQVR4nO3bQW7iQBBA0ZayYMkRfBQfDY7mo3AEliwi9QSNSy7a7WAiRUpm3t\/YEPCrbMumFEmSJEmSpKed6nbT\/Jnx4\/yy8f3jx9+u8zG6fbw+fHLddzqdTqfT6XQ6nU6n0+kv6+fOVcdZH+dv3PWhc15nPTok\/da57hudTqfT6XQ6nU6n0+n0L+undLVQpzRJdElXOjbyMYl5iuidTqfT6XQ6nU6n0+l0+rfoId\/VoTlmtc6TtNsDOp1Op9PpdDqdTqfT6d+vR1mO2qf2IzqdTqfT6XQ6nU6n0+n\/ot4WehxDz9Pkrs33Q2+j0+l0Op1Op9PpdDqd\/jV9q56ej7E9yMfe1qCNTqfT6XQ6nU6n0+l0+mv6q+3Vvyc6nU6n0+l0Op1Op9P\/T\/1U103l79agLdQ4L7NaZ7mUZWsQG4T7Me74P975p9PpdDqdTqfT6XQ6nb5X700xpffHRouGJOYpshxlsT8BnU6n0+l0Op1Op9Pp9J+tZ\/mcxJhkrOu9xVDXfe3JBzqdTqfT6XQ6nU6n0+mvTHCez8e6bBDGRrg034vfDMR5FBuE+3Hfswd0Op1Op9PpdDqdTqfTP9NDjmMrhjo0x3aCY+1vDt7ma3z+f9PpdDqdTqfT6XQ6nU7f0kNsz9uyHPW2Brn7JIdGfdwg0Ol0Op1Op9PpdDqdTt+jh9prmv8+1sdtQZS3Btf0\/qGZ4Pnugk6n0+l0Op1Op9PpdPrP1Z\/J0VCX3UVMEjuLVr41U4T6+t6CTqfT6XQ6nU6n0+l0+tYEd3lME4xJHObPXJIeExyTnCd5bXdBp9PpdDqdTqfT6XQ6\/ZncTpBrJwjxWe9l2Rysf7lAp9PpdDqdTqfT6XQ6fY9+TlOc5\/fHNMGUxDzFsT7e+Y9ia5CfBNi+80+n0+l0Op1Op9PpdDp9r55fT+n1mMQhyUNdtge9p\/cPadpQ1xPQ6XQ6nU6n0+l0Op1O\/z16niLEqSy7ixAvZV08f3Bt1Ky\/daah0+l0Op1Op9PpdDqdvk9\/VtZjgpqm6P124JY+vzUNnU6n0+l0Op1Op9Pp9P36qfPXaEr6kMSh89lrmiTu\/m89BVDodDqdTqfT6XQ6nU6nv6yfV+8+bg3G+duXJF+SFk\/vZz06dFU6nU6n0+l0Op1Op9PpX9FPdWlKep6ilGWLMCT5mCbI24Jo328H6HQ6nU6n0+l0Op1Op\/9uPdS2kLf2FrdGptPpdDqdTqfT6XQ6nf59einLxiCmyFuDeH0r\/Q3CWqbT6XQ6nU6n0+l0Op3+qt6W9VzIQ13f+S8dObYH7+lIp9PpdDqdTqfT6XQ6\/XV9q8\/0UpY7\/jVNctuYoq5kOp1Op9PpdDqdTqfT6Xt1SZIkSZKkH9ofGufbtUhfXwsAAAAASUVORK5CYII=\" alt=\"\" width=\"206\" height=\"206\" \/><\/p>\n<h3>ENGL.: 4<sup>th<\/sup> International Young Theatre Festival Kremsm\u00fcnster<\/h3>\n<p>The Amateurtheater O\u00d6 (Amateur Theatre Upper Austria), \u00d6BV (Austrian Association for extra-occupational Theatre) and IDEA (Int. Drama in education Association) stage the <strong>4<sup>th<\/sup> International YoungTheatreFestival 2023<\/strong> for students from the age of 10 to visit and participate in.<\/p>\n<p><strong>Date:<\/strong> May 31<sup>st<\/sup> \u2013 June 3<sup>rd<\/sup> 2023 (week after pentecost)<br \/>\n<strong>Location:<\/strong> Upper Austria &#8211; Kremsm\u00fcnster (theatre hall of the monastery, culture centre)<br \/>\n10 participating groups (age 16 to 25) from Austria and abroad<\/p>\n<p>This festival offers the opportunity to experience extraordinary theatre (from 4 foreign and 6 Austrian groups), to discover something new and creative, to exchange with actors and actresses and to get to know a jolly community.<\/p>\n<p>Messages and questions to:<br \/>\n<a href=\"office@amateurtheater-ooe.at\">office@amateurtheater-ooe.at<\/a><br \/>\n<a href=\"mailto:bernhard.paumann@amateurtheater-ooe.at\">bernhard.paumann@amateurtheater-ooe.at<\/a><\/p>\n<h3>Reservation<\/h3>\n<p><a href=\"https:\/\/www.amateurtheater-ooe.at\/wp-content\/uploads\/2023\/04\/JugendTheaterFestival_Folder.pdf\">Program<\/a><\/p>\n<p><a href=\"https:\/\/www.ticketlotse.com\/event\/?id=489\">Tickets<\/a><\/p>\n<p><img loading=\"lazy\" decoding=\"async\" class=\"\" src=\"data:image\/png;base64,iVBORw0KGgoAAAANSUhEUgAAA+gAAAPoAQMAAAB3bUanAAAABlBMVEX\/\/\/8AAABVwtN+AAAACXBIWXMAAA7EAAAOxAGVKw4bAAAEBElEQVR4nO3bQW7iQBBA0ZayYMkRfBQfDY7mo3AEliwi9QSNSy7a7WAiRUpm3t\/YEPCrbMumFEmSJEmSpKed6nbT\/Jnx4\/yy8f3jx9+u8zG6fbw+fHLddzqdTqfT6XQ6nU6n0+kv6+fOVcdZH+dv3PWhc15nPTok\/da57hudTqfT6XQ6nU6n0+n0L+undLVQpzRJdElXOjbyMYl5iuidTqfT6XQ6nU6n0+l0+rfoId\/VoTlmtc6TtNsDOp1Op9PpdDqdTqfT6d+vR1mO2qf2IzqdTqfT6XQ6nU6n0+n\/ot4WehxDz9Pkrs33Q2+j0+l0Op1Op9PpdDqd\/jV9q56ej7E9yMfe1qCNTqfT6XQ6nU6n0+l0+mv6q+3Vvyc6nU6n0+l0Op1Op9P\/T\/1U103l79agLdQ4L7NaZ7mUZWsQG4T7Me74P975p9PpdDqdTqfT6XQ6nb5X700xpffHRouGJOYpshxlsT8BnU6n0+l0Op1Op9Pp9J+tZ\/mcxJhkrOu9xVDXfe3JBzqdTqfT6XQ6nU6n0+mvTHCez8e6bBDGRrg034vfDMR5FBuE+3Hfswd0Op1Op9PpdDqdTqfTP9NDjmMrhjo0x3aCY+1vDt7ma3z+f9PpdDqdTqfT6XQ6nU7f0kNsz9uyHPW2Brn7JIdGfdwg0Ol0Op1Op9PpdDqdTt+jh9prmv8+1sdtQZS3Btf0\/qGZ4Pnugk6n0+l0Op1Op9PpdPrP1Z\/J0VCX3UVMEjuLVr41U4T6+t6CTqfT6XQ6nU6n0+l0+tYEd3lME4xJHObPXJIeExyTnCd5bXdBp9PpdDqdTqfT6XQ6\/ZncTpBrJwjxWe9l2Rysf7lAp9PpdDqdTqfT6XQ6fY9+TlOc5\/fHNMGUxDzFsT7e+Y9ia5CfBNi+80+n0+l0Op1Op9PpdDp9r55fT+n1mMQhyUNdtge9p\/cPadpQ1xPQ6XQ6nU6n0+l0Op1O\/z16niLEqSy7ixAvZV08f3Bt1Ky\/daah0+l0Op1Op9PpdDqdvk9\/VtZjgpqm6P124JY+vzUNnU6n0+l0Op1Op9Pp9P36qfPXaEr6kMSh89lrmiTu\/m89BVDodDqdTqfT6XQ6nU6nv6yfV+8+bg3G+duXJF+SFk\/vZz06dFU6nU6n0+l0Op1Op9PpX9FPdWlKep6ilGWLMCT5mCbI24Jo328H6HQ6nU6n0+l0Op1Op\/9uPdS2kLf2FrdGptPpdDqdTqfT6XQ6nf59einLxiCmyFuDeH0r\/Q3CWqbT6XQ6nU6n0+l0Op3+qt6W9VzIQ13f+S8dObYH7+lIp9PpdDqdTqfT6XQ6\/XV9q8\/0UpY7\/jVNctuYoq5kOp1Op9PpdDqdTqfT6Xt1SZIkSZKkH9ofGufbtUhfXwsAAAAASUVORK5CYII=\" alt=\"\" width=\"206\" height=\"206\" \/><\/p>\n<h2><\/h2>\n<h2>Archiv<\/h2>\n<table style=\"width: 74.46%; height: 60px; border-collapse: collapse;\" border=\"1\">\n<tbody>\n<tr style=\"height: 52px;\">\n<td style=\"border-style: hidden; width: 100%; height: 52px;\">\n<h1><a href=\"https:\/\/www.amateurtheater-ooe.at\/wp-content\/uploads\/2019\/02\/20190612_15_Einladung_JugendTheaterFestival_Kremsmuenster_2019.pdf\">3. Int. JugendTheaterFestival Kremsm\u00fcnster<\/a><\/h1>\n<\/td>\n<\/tr>\n<\/tbody>\n<\/table>\n<p><strong>Mi.,\u00a012. bis Sa., 15. Juni 2019 in 4550, Kremsm\u00fcnster in Ober\u00f6sterreich<\/strong><\/p>\n<table style=\"width: 92.6539%; height: 226px;\" border=\"0\">\n<tbody>\n<tr style=\"height: 226px;\">\n<td style=\"height: 226px; width: 100%;\">\n<h1>1. Int. JugendTheaterFestival Kremsm\u00fcnster<\/h1>\n<p><strong>Do., 28. Juni bis So., 1. Juli 2012 in Kremsm\u00fcnster<\/strong><br \/>\n<a href=\"http:\/\/www.ooe-theaterverband.com\/wp-content\/uploads\/2012\/04\/20120628_0701_JugendTheaterFestival_Spielplan.pdf\">20120628_0701_JugendTheaterFestival_Spielplan<\/a><br \/>\n<a href=\"http:\/\/www.ooe-theaterverband.com\/wp-content\/uploads\/2012\/04\/20120628_0701_JugendTheaterFestival-2012_Programm.pdf\">20120628_0701_JugendTheaterFestival 2012_Programm<\/a><\/td>\n<\/tr>\n<\/tbody>\n<\/table>\n<h3>Focus 2014 Theater\u00a0grenzenlos<br \/>\n&#8211; 25\u00a0Jahre Fall des Eisernen Vorhangs &#8211; 18. &#8211; 22. Juni 2014, Leopoldschlag<br \/>\n<a href=\"http:\/\/www.ooe-theaterverband.com\/wp-content\/uploads\/2013\/12\/20140415-Focus-2014-Theater-grenzenlos.pdf\">Programm: Focus 2014 Theater grenzenlos<\/a><br \/>\n<a href=\"http:\/\/www.theater-focus.at\/\">http:\/\/www.theater-focus.at\/<\/a><\/h3>\n<p>&nbsp;<\/p>\n<h2><\/h2>\n","protected":false},"excerpt":{"rendered":"<p>5. Int. JugendTheaterFestival Kremsm\u00fcnster 2026 &#8222;Kremsm\u00fcnster brennt f\u00fcr junges Theater&#8220; 17.-20. Juni 2026 Der Dilettanten-Theaterverein 1812 Kremsm\u00fcnster und der Landesverband Amateurtheater Ober\u00f6sterreich veranstalten gemeinsam mit dem Bundesverband \u00d6BV-Theater das 5. Internationale Jugendtheaterfestival 2026 vom 17. bis 20. Juni 2026 in Kremsm\u00fcnster. Gesucht sind Gruppen, die das Festival mit modernem, beispielgebenden Jugendtheater bereichern wollen. Das Thema [&hellip;]<\/p>\n","protected":false},"author":1,"featured_media":0,"parent":202,"menu_order":3,"comment_status":"open","ping_status":"closed","template":"","meta":{"footnotes":""},"class_list":["post-325","page","type-page","status-publish","hentry"],"_links":{"self":[{"href":"https:\/\/www.amateurtheater-ooe.at\/index.php?rest_route=\/wp\/v2\/pages\/325","targetHints":{"allow":["GET"]}}],"collection":[{"href":"https:\/\/www.amateurtheater-ooe.at\/index.php?rest_route=\/wp\/v2\/pages"}],"about":[{"href":"https:\/\/www.amateurtheater-ooe.at\/index.php?rest_route=\/wp\/v2\/types\/page"}],"author":[{"embeddable":true,"href":"https:\/\/www.amateurtheater-ooe.at\/index.php?rest_route=\/wp\/v2\/users\/1"}],"replies":[{"embeddable":true,"href":"https:\/\/www.amateurtheater-ooe.at\/index.php?rest_route=%2Fwp%2Fv2%2Fcomments&post=325"}],"version-history":[{"count":120,"href":"https:\/\/www.amateurtheater-ooe.at\/index.php?rest_route=\/wp\/v2\/pages\/325\/revisions"}],"predecessor-version":[{"id":21562,"href":"https:\/\/www.amateurtheater-ooe.at\/index.php?rest_route=\/wp\/v2\/pages\/325\/revisions\/21562"}],"up":[{"embeddable":true,"href":"https:\/\/www.amateurtheater-ooe.at\/index.php?rest_route=\/wp\/v2\/pages\/202"}],"wp:attachment":[{"href":"https:\/\/www.amateurtheater-ooe.at\/index.php?rest_route=%2Fwp%2Fv2%2Fmedia&parent=325"}],"curies":[{"name":"wp","href":"https:\/\/api.w.org\/{rel}","templated":true}]}}